f x.
2, 3
Let w be 1/1 - (2 - 2). Let u(y) = 3*y. List the prime factors of u(w).
3
List the prime factors of (-475)/(-20)*(-3 + 1 + 10).
2, 5, 19
Suppose -3*v - w = -77, 3*v + v + 4*w = 116. Let h = -11 + v. List the prime factors of h.
13
Let u = 50 + -19. What are the prime factors of u?
31
Suppose 8*u - 20 = 7*u. What are the prime factors of u?
2, 5
Let j(q) = -4*q**3 - 2*q**2 - 3*q - 2. Let p be j(-2). Suppose -2*u + p = -4*d, -u - d - 1 = 2*d. What are the prime factors of u?
2
Let v = -4 + 13. Suppose -2*b - v = -3*b. What are the prime factors of b?
3
Let j be 4/3*(-9)/(-6). Suppose -8 = -0*b - j*b. What are the prime factors of b?
2
Let g(j) = -j + 8. Let r be g(4). Let d be (45/r)/3*4. Suppose -3*c - 2*c = -d. List the prime factors of c.
3
Suppose -2*x = -4*x + 46. List the prime factors of x.
23
Suppose t - 7 = 36. What are the prime factors of t?
43
Let j = 9 - -61. Suppose 5*r + j = 10*r. What are the prime factors of r?
2, 7
Suppose -4*c + 9*c - 10 = 0. Suppose 0 = -5*d - 10, c*l + 0*d = -d + 14. What are the prime factors of l?
2
Suppose -3*w = -8 - 4. Suppose 5*h + w*g - 41 = 0, -g - 20 + 4 = -4*h. Suppose 2*t = -z + 20, h*z + 3*t = 88 + 12. List the prime factors of z.
2, 5
Let m be (2 - 1)*(4 - -1). Let j(q) = -q**3 - 3*q**2 + q + 1. Let x be j(-3). List the prime factors of x/(-2)*m*2.
2, 5
Suppose -260 = 19*u - 20*u. What are the prime factors of u?
2, 5, 13
Let h(b) = -b**2 - 14*b + 5. Let v be h(-14). Suppose -k = 4*i - 133, 2*i - v*k = -2*i + 103. What are the prime factors of i?
2
Suppose -l + 0*q = 4*q - 23, l - 2 = 3*q. What are the prime factors of l?
11
Suppose -2*t + 44 = -248. What are the prime factors of t?
2, 73
Suppose 82 = 3*b + 5*z, -3*z = z - 20. Suppose -5*i - 1 - b = 0. What are the prime factors of (0 - i/(-10))*-40?
2
Let d be (1 - -1) + 21/7. Suppose 0 = -0*a + d*a. Suppose 2*f - 39 = -3*z - a*z, -25 = -2*z - f. What are the prime factors of z?
11
Let y = -3 - -6. Suppose 30 = 3*i + 3*m, 0 = 4*i - y*m - m - 8. List the prime factors of 27/i*8/3.
2, 3
Let x(r) = -r**3 + 2*r**2 + 4*r - 1. Suppose -3*p - 3 = -12. Suppose 5*h = p*h + 6. List the prime factors of x(h).
2
Suppose -5*o + 190 = -0*o. What are the prime factors of o?
2, 19
Let t = -5 + 19. What are the prime factors of t?
2, 7
Suppose -7*l + 6*l = -10. What are the prime factors of l?
2, 5
Let c(m) = -5*m - 1. Let n be (-39)/(-6) - (-2)/(-4). Suppose 2*h + n = -0*h, h = -3*w - 15. List the prime factors of c(w).
19
Let s = 15 - -1. Suppose 3*x = -x + s. List the prime factors of (1/3)/(x/168).
2, 7
Let n = -4 - -3. Let a(v) = -44*v - 8. Let g(y) = -15*y - 3. Let o(x) = 4*a(x) - 11*g(x). What are the prime factors of o(n)?
2, 3
Let z = 23 + -52. Let m = 20 + z. Let a = -4 - m. What are the prime factors of a?
5
Suppose 4*a - 20 = -4*n, 2*a - 32 + 10 = 4*n. Suppose -2*k + a*k - 10 = 0. Suppose k*o - 44 = -2*o. What are the prime factors of o?
11
Let a = -11 + 8. Let u = 21 + a. What are the prime factors of u?
2, 3
Suppose -3*l = -4*l - 3. Let i(t) = t**3 + 3*t**2 - 2*t - 2. List the prime factors of i(l).
2
Let i = -7 - -15. What are the prime factors of i?
2
Suppose q + 1 = -3. List the prime factors of 2 + ((-12)/1)/q.
5
Suppose -i - 215 = -57. Let j(r) = -7*r + 3. Let z be j(3). List the prime factors of i/z + 2/9.
3
Let p be (-8)/40 + (-32)/(-10). List the prime factors of (-66)/(-3) + (p - 4).
3, 7
Let p(g) be the second derivative of -g**4/12 + 5*g**3/6 + g**2 + 3*g. Let s be p(5). Suppose -s*f - 2*f = -12. What are the prime factors of f?
3
Suppose 0 = 2*h + 5*b - 12 - 74, h - 2*b - 34 = 0. List the prime factors of h.
2, 19
Let m = 91 - -1. What are the prime factors of m?
2, 23
Suppose m - 26 = -5. Suppose -2*u + m = u. What are the prime factors of u?
7
What are the prime factors of 31*(-2 + (13 - 4))?
7, 31
Let x(o) = 15*o. Let p be x(1). Let f = -1 + 2. Let u = f + p. List the prime factors of u.
2
Let c = -76 + 134. What are the prime factors of c?
2, 29
Let y = 20 - -179. What are the prime factors of y?
199
Let d be 0 + -1*(-8 + 3). Suppose -20 = -2*n - 4*x, -4*n = -d*x + 7 + 5. List the prime factors of n.
2
Let m = -11 - -21. Let u(p) = -p**3 + 5*p**2 - 5*p + 2. Let j be u(4). List the prime factors of m*1 + (-3 - j).
3
Let r(a) = -a**3 - 4*a**2 - 5*a + 4. List the prime factors of r(-5).
2, 3
Let c be 15/2*(-8)/6. Suppose 0 = 5*f - 0*f + 100. Let h = c - f. List the prime factors of h.
2, 5
Suppose 281 = o + 11. What are the prime factors of o?
2, 3, 5
Let a = 43 + -24. What are the prime factors of a?
19
Let s(p) = -p**2 + p - 25. Let l be s(0). Let a be (l/(-20))/(1/4). Suppose 0 = a*m - 80 + 15. What are the prime factors of m?
13
Suppose -4 = -3*f + 50. Let w be (-4)/(-6) - 30/f. Let a = w + 5. List the prime factors of a.
2
Suppose -4*a + 310 = 3*k, 4*k + 3*a - 412 = -2*a. What are the prime factors of k?
2, 7
Let z be ((-1)/3)/(7/(-63)). Let x = 3 - z. Suppose x*j - 3*j = -r - 1, -4*r + 2*j + 36 = 0. List the prime factors of r.
11
Suppose 4*z = m + 10, 3*z = -m + 5*z - 4. Let c be 30/9 + m/3. Suppose x = -r - 3 + 10, -4*r + 44 = -c*x. List the prime factors of r.
3
Let k = -10 + 4. Let p(t) be the first derivative of t**3/3 + 5*t**2/2 + 3*t - 1. List the prime factors of p(k).
3
Suppose 0 = -3*l + 16 + 8. Let r be (-8)/(-16) + 2/(-4). Suppose 5*q - 2*m - 11 = r, 2*q - l = -2*q + 2*m. List the prime factors of q.
3
Suppose 0 = p - t - 37, 0*p - 2*p + 70 = 2*t. Let u = p + -25. What are the prime factors of u?
11
Suppose 3*h = 5*n + 364, -n = -2 + 1. What are the prime factors of h?
3, 41
Let b(f) = 24*f**3 + f**2 + f - 1. Suppose 5*h - 6 = -1. Let s be b(h). Suppose -3*r + s = -8. List the prime factors of r.
11
Suppose 0 = -4*v + 371 + 481. List the prime factors of v.
3, 71
Let i(r) be the first derivative of -r**4/12 - 5*r**3/6 - r**2/2 + 2*r + 1. Let d(y) be the first derivative of i(y). What are the prime factors of d(-2)?
5
List the prime factors of 3/12 + (-1089)/(-44).
5
Let b = -11 + 16. Suppose -b*x + 21 = -2*x. List the prime factors of x.
7
Suppose -2*r + 0 = 10. Let d(y) = y**2 + 2*y + 3. Let g be d(r). Suppose -n - 2*m - g = -3*n, -45 = -5*n - 2*m. What are the prime factors of n?
3
Let c(b) = 95*b + 15. List the prime factors of c(3).
2, 3, 5
Suppose -5*m = -2*m. Let a = 4 - 2. Suppose 5 = a*x + 3, -5*c + x + 14 = m. List the prime factors of c.
3
Let m(f) = f**3 - 3*f**2 + 3*f - 3. Let k be m(2). Let a = -23 - -18. Let p = k - a. What are the prime factors of p?
2
Suppose 0*t + 5*t - v = 391, -t + 99 = 5*v. What are the prime factors of t?
79
Suppose -4*y + p - 4*p + 32 = 0, 0 = -4*y - 2*p + 36. Let n = -4 + y. What are the prime factors of n?
7
Suppose 5*k - 35 = -5*w, k - 1 = 2*w - 0. Suppose l + 1 = z - 10, -k*z + 41 = 2*l. List the prime factors of z.
3
List the prime factors of 67*1 - (-2)/6*-3.
2, 3, 11
Let u(v) = 5*v**3 + v + 2. Let d(c) = -2 - c + 1 + 0*c**3 - 4*c**3 + 2*c**3. Let p(l) = 5*d(l) + 3*u(l). List the prime factors of p(1).
2
Suppose 3*g - 2214 = -4*y + 5*g, y + 2*g - 546 = 0. What are the prime factors of 3/2*y/36?
23
Let y(w) = 3*w**2 + 2*w**3 + 12*w**3 - 7*w**2 + 2*w**2 + 1. Suppose 3*u = -4*t + 4, -3*t + 5*t - 3*u = 2. What are the prime factors of y(t)?
13
Let v(d) = -d**3 + 11*d**2 - 4*d - 9. Let u be v(10). Suppose 0 = -2*x - x + u. What are the prime factors of x?
17
Let v be (21/12)/(3/(-12)). Let g be (-72)/v - (-8)/(-28). Suppose -4*x + s + 46 = 3*s, -x + s = -g. What are the prime factors of x?
11
Suppose -5*f - 27 - 25 = -4*t, 4*f + t + 29 = 0. Let c = 30 + -17. Let n = c - f. List the prime factors of n.
3, 7
Suppose -2*i = -j - 0*j - 89, 4*i - 143 = -5*j. Suppose 2*c = 4*c - i. What are the prime factors of c?
3, 7
Let u = -322 + 555. List the prime factors of u.
233
Suppose -5*s + 36 = -0*s + 2*j, 4*s - 3*j - 15 = 0. Suppose 3*u = u - s. What are the prime factors of ((-8)/12)/(1/u)?
2
Let j = -221 + 335. What are the prime factors of (-1)/4 + j/8?
2, 7
Let n = 9 + -9. Let k be 2/6 + 10/6. Suppose n*r + k*r = 2*u - 20, 4*r + 7 = u. What are the prime factors of u?
11
Let l(v) = -v**2 + 6*v - 2. Let u be l(4). What are the prime factors of u/(-4)*(-80)/24?
5
Let a = -40 - -20. List the prime factors of ((-12)/15)/(8/a).
2
Suppose -125 = 3*v - 2*v. Let q = v - -59. 